omposite?
False
Is (2/3 + 170/(-120))/(96/(-11798144)) composite?
False
Suppose 0 = -2*p - 533*h + 530*h + 3712, 3670 = 2*p - 4*h. Is p composite?
False
Let m(v) = -49*v + 28*v**2 + 9 + 0*v**3 + 4*v - v**3. Let j be 10 + -12 + (-44)/(-2). Is m(j) composite?
False
Suppose -2*m = 5*j - 278252, 156149 = 5*m - 5*j - 539446. Is m prime?
True
Suppose 294*l - 2*i - 1285928 = 290*l, 1928894 = 6*l - 4*i. Is l a prime number?
False
Let b = 145 - 142. Suppose 2*z - 4332 = -b*x - 2*x, x - 2163 = -z. Is z prime?
True
Let q be 8/(-12) - 6196/(-6). Suppose -4*j - 2992 - 1130 = d, j = -d - q. Let m = j + 2369. Is m a composite number?
True
Let l = 637 + -725. Is (1761/6)/((l/16)/(-11)) a composite number?
False
Let y = 361120 - 251669. Is y composite?
False
Let l be (-1)/((-24)/(-18) - 5/15). Let b(i) = 1579*i**2 - 2. Is b(l) composite?
True
Let j(c) = c**3 - 10*c**2 + 12*c - 25. Let m be j(9). Suppose 0 = 28*h - 27*h + m. Is (-9464)/(-10) + (h - (-26)/10) a prime number?
True
Let b be 1/((-2)/(-46)) + (0 - 5). Suppose -18010 = b*x - 20*x. Is x composite?
True
Suppose 2*q - 4*o - 10877274 = 0, 8*q - 3*o = 3*q + 27193150. Is q prime?
True
Suppose 3*z = 15, -r - 3*z = 2*r - 9. Let f(b) be the third derivative of -13*b**6/20 + b**5/12 + b**4/4 - b**3/6 - 47*b**2. Is f(r) prime?
True
Let i = 8408768 - 5013469. Is i prime?
True
Let b(g) be the third derivative of 13*g**4/24 + 5*g**3/2 - 36*g**2. Is b(7) a prime number?
False
Suppose -3*b - 2*b = -4*a - 23, 2*a + 1 = -b. Is (4 - (-2570)/15)*b a composite number?
True
Let n(u) = -3*u**3 + 2*u**2 - 21. Let z(k) = -4*k**3 + k**2 - k - 22. Let i = 18 + -14. Let f(a) = i*z(a) - 5*n(a). Is f(-12) a composite number?
False
Let c be (-2 - 1) + -6 + 7. Let v be (4 + -5 - 0)*1. Is c - 1 - 680/v a composite number?
False
Let r(f) = f**3 - 56*f**2 - 213*f - 149. Is r(65) prime?
False
Let a = -8633 + 11287. Is a prime?
False
Suppose 4*i + 4*y = 293360, -3*i + 4*i = -3*y + 73330. Is i prime?
False
Let t(f) be the second derivative of -6469*f**3/6 + 13*f**2/2 - 20*f - 1. Is t(-4) a prime number?
True
Suppose 6*p - 57 = -93. Is 5777 - (-2 - -2)/(p + 2) a composite number?
True
Let g = -713 + 717. Let c be (-2)/(-8) - (-2)/(-8). Suppose 15762 = -c*x + g*x - 2*h, 2*x + 5*h = 7887. Is x composite?
True
Suppose 5*d + 3*h - 55267 = 0, -192*h = -d - 188*h + 11035. Is d prime?
False
Let v be ((-1)/(-5))/(2/10). Suppose -4*b = -o - 17, 5*b - 20 + v = -o. Is b/18 + (-102684)/(-108) a prime number?
False
Is 33*-10*(-116995)/550 composite?
True
Let s = 945 - 953. Let c(b) = 176*b**2 - 16*b - 23. Is c(s) a composite number?
False
Let i be -2 - 1 - -129 - -6. Is 1926771/i + (-2)/(-1*8) prime?
False
Let r(h) be the second derivative of -h**4/12 + 5*h**3/6 - 3*h**2 - 12*h. Let a be r(8). Let x = 649 - a. Is x a prime number?
False
Let p(t) = 265*t**2 + t + 1. Suppose 2*m - 3*m = -y + 5, -y = 4*m + 20. Suppose y = -4*o + 7*b - 2*b + 16, 5*b + 20 = 0. Is p(o) a prime number?
False
Is (-36 - -11 - 1326158)/(-3) prime?
True
Let y be -3 + 57/21 - (-259865)/(-35). Let w = y - -15256. Is w a composite number?
True
Let y(t) = 2730*t - 455. Let o(b) = 78*b - 13. Let h(k) = -104*o(k) + 3*y(k). Is h(2) composite?
True
Let i(m) = -2*m - 28. Let h be i(-14). Suppose 9525 = -h*d + 5*d. Suppose -4*g - u + 7613 = 0, 2*g - 2*u + d = 3*g. Is g prime?
False
Let b be 2 + -7 - -1*18. Suppose -5327 = b*s - 20*s. Is s a prime number?
True
Suppose -80 - 46 = -14*v. Is 336/32*762/v prime?
False
Let c(v) = -456*v - 4 - 2 - 702*v + 110*v. Let m be c(1). Let g = m - -2007. Is g a prime number?
True
Let f(g) = 2708*g - 165. Let i(r) = -5416*r + 321. Let d(s) = -5*f(s) - 3*i(s). Is d(4) a composite number?
True
Let h be ((-6)/(-12))/(3/18). Is 594 + -40 - h/(-1) a composite number?
False
Suppose -44*q - 23*q = -26704793. Is q composite?
True
Suppose 18*a - 22*a = -12. Suppose -a*g = -4*g + 5*f + 14026, 0 = 6*g + 2*f - 84124. Is g a composite number?
True
Let b = -19 - -19. Suppose 0 = 3*s - b + 9. Is 531 - (s + 4 + 1) a composite number?
True
Let p = -905 + 1908. Let d = 3744 - p. Is d a prime number?
True
Let d(y) = y**3 + 30*y**2 - 67*y + 179. Let s be d(-31). Let m(n) = -94*n - 1. Let r be m(-5). Suppose 4*g + 310 = 3*k - r, -5*k + 5*g + s = 0. Is k prime?
True
Suppose -64*k + 3970857 = 215401. Is k composite?
False
Suppose 3*q - 37 = -5*d - 0*q, -d + 3*q = 7. Suppose -3*o + 2*y + 355 = 0, -d*o = -2*o - 4*y - 359. Let k = 752 - o. Is k composite?
True
Suppose 0 = -9*l - 31*l + 2786120. Is l composite?
False
Let z = -48 - -19. Let t = -32 - z. Is (1/6 + t/6)*-1041 a composite number?
False
Let z(t) = 2*t**2 + 2*t + 127. Let w(a) = 2*a + 36. Suppose 4*c = 9*c + 90. Let i be w(c). Is z(i) composite?
False
Let z(q) be the third derivative of 119*q**5/20 - 7*q**4/8 - q**3/6 - 248*q**2. Is z(-5) composite?
False
Let w = 321952 + -183903. Is w a composite number?
True
Suppose -95 = -5*l + f + f, -2*f - 74 = -4*l. Suppose l = o - 1340. Is o a composite number?
False
Suppose -2*i + 7*i - v = -51, -29 = 3*i + v. Let a be (0 - i)*(2/4 - -1). Suppose -20*c + 13705 = -a*c. Is c composite?
False
Suppose 9*g - 44*g + 2286014 = 24*g. Is g composite?
True
Let v = 318 + -320. Let f(q) = 440*q**2 + 10*q + 23. Is f(v) a composite number?
True
Suppose -354*o + 357*o - 12312 = 0. Let b = o + -197. Is b prime?
True
Let d(z) = -414*z**3 - z**2 + 2*z + 8. Let r be d(-2). Suppose -4*f + 20908 = 4*p, -22823 - r = -5*f + 2*p. Is f composite?
False
Suppose -m - 377 = 33*s - 31*s, 5*s + 938 = -m. Let c = -10 - 8. Let p = c - s. Is p a prime number?
False
Let a(h) = 1707*h**3 + 2*h**2 - 4*h + 2. Let z(s) be the first derivative of s**4/4 + 16*s**3/3 + 7*s**2 - 14*s - 5. Let f be z(-15). Is a(f) composite?
True
Let b(s) = -42725*s - 231. Is b(-4) composite?
False
Let a be (-43073)/(-2) + -1 - 147/(-294). Suppose 3*q = a - 4199. Is q a prime number?
True
Suppose 0 = -51*c - 79525 + 1439644. Is c prime?
True
Let z = 106 - 32. Suppose -78*k = -z*k - 17972. Is k a prime number?
True
Suppose -12140 = -9*j + 5*j. Suppose -21*i + 20*i = -j. Is i prime?
False
Suppose 14*w + 163927 = -w + 826252. Is w a composite number?
True
Suppose -2*x + 1 = c, -2*x + 2*c = -0*c + 2. Suppose 12*l - 6*l - 58038 = x. Suppose 0 = -6*b + l - 3343. Is b a prime number?
False
Suppose -2*a - 14217 - 5384 = -5*r, 2*r + 9814 = -a. Let h = a - -15615. Is h a composite number?
False
Let f(l) = 2*l**2 - 6. Let v be f(5). Let s be (-38)/(-8) + 11/v. Suppose 5*k = s, -3*j + 2*k + 434 = j. Is j a prime number?
True
Let n(k) = -2597*k + 979. Is n(-14) a composite number?
False
Suppose -d = 5*d - 720. Is 3287*3*40/d a composite number?
True
Let x = 63 - 63. Let b(j) = 292 + 267 - 211 - j + 251. Is b(x) a prime number?
True
Suppose g = -4*n - 1653, 3*n = 5*g + 4592 + 3742. Let h = 914 - g. Is h a prime number?
True
Let q(i) = -i**3 - 83*i**2 - 241*i + 50. Is q(-81) composite?
False
Let s(v) = -v**2 + 4*v - 1. Let q be s(5). Let m(k) = 2*k**2 + 13*k + 8. Let a be m(q). Is (a/(-2))/((-5)/4835) a composite number?
False
Suppose 4*l - 4*x - 6148 = 0, -3*x + 189 - 6342 = -4*l. Suppose 0 = 7*m - 5*m - l. Suppose -h + 2*b + 255 = 0, -h + 3*b + m = 2*h. Is h composite?
True
Suppose -18*k + 15*k - 3 = 0. Let i(v) = -2*v - 1. Let w be i(k). Is 1/w + 2120/2 a prime number?
True
Let f = 4438 - 4356. Is f a composite number?
True
Suppose 4*g = 7 + 13. Suppose -g*d - 785 = -10*d. Suppose 5*w = 2*k - 159, -2*k - w + 20 = -d. Is k composite?
True
Let i(o) = 204 - 8*o - 104 - 2*o**3 + 3*o**3 - 3*o**2 - 68. Is i(13) a prime number?
False
Let c(w) be the first derivative of w**6/60 - w**5/10 + 19*w**4/24 - 5*w**3 - 14. Let r(a) be the third derivative of c(a). Is r(9) prime?
True
Let k(h) = 49*h + 37. Let l be k(21). Let z = l - 59. Is z a prime number?
False
Let o(m) = 125469*m - 1. Let k be o(2). Suppose 10*n + 3*a + k = 15*n, -3*n - a = -150551. Is n a composite number?
True
Let c = -8778 + 18397. Is c a prime number?
True
Suppose 28058235 = -33*p + 131*p - 10395103. Is p a composite number?
True
Suppose -k + 39 = -14*k. Let j(c) = 840*c - 2. Let o be j(k). Let d = -1381 - o. Is d a composite number?
True
Let w be (-5)/(-3) + -1 - 75/(-9). Let b(k) = 42*k - 25. Let f(l) = l - 1. Let y(j) = b(j) - 6*f(j). Is y(w) a composite number?
True
Suppose -8 = -a +